Suppose n = -4*q + 30, -n - 28 = -4*q - 3*n. What is the greatest common factor of q and 20?
4
Let f = -3 - -9. Suppose 5*j - f = 39. Suppose 0 = h + 1, 2*k + 4*h - 2*h - 16 = 0. Calculate the greatest common factor of k and j.
9
Let v be (3/6)/((-2)/(-68)). Let a be 4/20 - 57/(-15). Suppose 3*r = a*x - 40 - v, 5 = r. Calculate the highest common divisor of 27 and x.
9
Let w(p) = p + 1. Let r be w(11). Let h = -5 + 29. What is the greatest common factor of h and r?
12
Let p be 13/(-2)*4/((-2)/1). Calculate the greatest common divisor of p and 143.
13
Let z be 0/(-1) - 2 - -8. Calculate the greatest common factor of z and 30.
6
Let l = 0 + 2. Suppose 0 = l*i + 2*d - 8, -i = -4*d - d - 4. Let j be i/(4/(-15))*-1. Calculate the greatest common factor of j and 15.
15
Let l be 186/9 - (-2)/6. Let k = 23 - 16. What is the greatest common divisor of k and l?
7
Let o(b) = b + 11. Let t be o(-12). Let x be t/4*-6*2. Suppose -4*s - 30 = -n, 0*s = -x*n + 4*s + 66. Calculate the greatest common divisor of n and 18.
18
Let a(j) = j**3 - 6*j**2 - 8*j + 9. Let d be a(7). Let s(w) = 2*w - 6. Suppose -2*r - r = -18. Let o be s(r). What is the highest common divisor of o and d?
2
Let a(i) = -i**3 - 3*i**2 + 3*i + 3. Suppose -2*f - p - 4 = 0, -p = f - 0*p. Let o be a(f). What is the highest common divisor of o and 42?
7
Suppose -2*b - j + 5 = 0, 0*j = 2*b + 2*j - 8. What is the greatest common divisor of b and 23?
1
Suppose 0 - 14 = -2*w. What is the greatest common divisor of 56 and w?
7
Let v = 267 - 179. Suppose 2*m - 5 = -3*m. Let k be (4 - -12)/(m + 1). What is the greatest common factor of v and k?
8
Suppose -27 = -5*c - 2. Let y be ((-15)/(-12))/(2/8). Let r(t) = 6*t + 5. Let k be r(y). What is the greatest common divisor of k and c?
5
Suppose 0 = l - 100 + 15. Calculate the highest common divisor of l and 17.
17
Let l(k) = 2*k. Let p be l(4). Let f = -7 + p. What is the greatest common factor of f and 11?
1
Let p = -6 + 3. Let m = 4 + p. Suppose 5*s = -5, 5*y = 5*s + 8 + 37. What is the greatest common factor of m and y?
1
Let p = 6 + -2. Suppose 22 = -p*f + 6*f. What is the greatest common divisor of f and 11?
11
Let b be (4 - 1)/(1 + 0). Suppose 0 = -i + b*i - 180. Let w(m) = m**3 - 8*m**2 + 2*m - 6. Let t be w(8). What is the highest common divisor of t and i?
10
Suppose -5*j - 5 = 0, -2*j + 17 = 2*f - 5*j. What is the greatest common factor of 49 and f?
7
Let b be (-8)/6*(-21)/14. Calculate the highest common factor of 10 and b.
2
Let p = -15 - -13. Let v be (34/4)/((-1)/p). What is the highest common factor of v and 17?
17
Suppose 13 + 32 = a. Calculate the greatest common factor of 9 and a.
9
Let k be 4/6 + (-312)/(-72). Calculate the greatest common factor of k and 5.
5
Suppose -3*i - 88 = -2*i. Let r = i - -250. Let q(s) = 2*s**2 + s - 3. Let n be q(3). Calculate the highest common divisor of r and n.
18
Suppose 4*f - 6 = f. Let a be (-12)/(f*2/(-6)). Suppose 2*l - 6 = -2. Calculate the greatest common divisor of l and a.
2
Let s be 2*(-11)/(-2) + 2. Let h(t) = 2*t**2 + 12*t - 1. Let m be h(6). Calculate the highest common factor of m and s.
13
Let n(p) = -p + 15. Let v be n(-24). What is the highest common divisor of v and 312?
39
Suppose 5 = 5*i, 0*u - 106 = -5*u - i. Calculate the highest common divisor of u and 63.
21
Let q(h) = 57*h**2 - 3*h - 2. Let s be q(-2). Suppose k = -g - g - 165, -4*k - 605 = -3*g. Let x = k + s. What is the greatest common factor of 7 and x?
7
Let u = 259 - 194. What is the greatest common divisor of 26 and u?
13
Let p = 25 + -17. Suppose 148 = l + l - 2*c, 0 = -5*l + c + 362. Calculate the highest common factor of p and l.
8
Let l(i) = -i**3 - 7*i**2 + 8*i + 6. Let w be l(-8). What is the greatest common factor of w and 42?
6
Suppose a = -4*a - 5*r + 10, 0 = 3*r + 3. Suppose -5 + 25 = 4*w. Let f be a/w - (-948)/20. What is the greatest common factor of 16 and f?
16
Suppose 3*i = -0*i + 36. Let d be 135/(-10)*(-16)/3. Let t = d + 36. Calculate the greatest common factor of t and i.
12
Suppose -3*d + 4*g = 20, g + 3*g - 8 = 0. Suppose 4*x = -5*x - 126. Let c = d - x. Calculate the highest common divisor of 70 and c.
10
Let w(f) = -3*f - 15. Let l be w(-10). Let g = 3 - -72. What is the highest common factor of g and l?
15
Let j(o) = 2*o - 2. Let y(q) = q**3 - 2*q**2 - 4*q - 5. Let u be y(4). Let a be j(u). What is the highest common divisor of 50 and a?
10
Let j(u) = -u**2 + 3*u - 7. Let y be j(5). Let s be (-246)/(-10) + 24/60. Let g = s + y. Calculate the highest common factor of g and 24.
8
Let q(g) = 24*g + 1. Let y be q(1). Let l(r) = r**3 - 9*r**2 + 9*r - 15. Let n be l(10). What is the highest common factor of n and y?
25
Let d be 4 + -2 + (-98)/(-1). Suppose 2*y + d = 5*x, 0*y + 20 = -4*y. What is the greatest common factor of x and 36?
18
Suppose 0 = 3*g + 4*r + 2, -5*g - 6*r + 2*r - 14 = 0. Let l be 8/5*(-15)/g. Calculate the highest common divisor of l and 32.
4
Let l = -4 + 6. Let y(f) = 0 - 2*f + f**l + 3 - 3*f. Let r be y(6). What is the highest common divisor of r and 1?
1
Let n be (4/3)/((-32)/(-216)). Suppose 2*i = -i + 135. What is the greatest common factor of i and n?
9
Let k be (-178)/(-8) - 1/4. Suppose -3*c = -708 + 48. Let p be (9/(-18))/((-2)/c). What is the greatest common divisor of k and p?
11
Let k(n) = n**3 + 6*n**2 + 4*n - 3. Let g be k(-5). Suppose b = 6*b - 5. Calculate the greatest common divisor of b and g.
1
Let y = -40 - -50. What is the highest common divisor of y and 50?
10
Suppose p + 3*p = 16. Let v = 4 + p. What is the greatest common factor of 4 and v?
4
Let c = 12 + -7. Let v(x) = x - 2. Let o be v(c). Suppose 8*l - 40 = o*l. Calculate the highest common divisor of 8 and l.
8
Let z = 197 + -137. Let s(i) = 8*i + 3. Let j be s(-7). Let l = j - -77. Calculate the greatest common divisor of l and z.
12
Let p = -1 - -4. Let f(d) = d**2 - 3*d + 2. Let c be f(p). Let g be 16/(c + -2 + 1). Calculate the greatest common factor of g and 8.
8
Let v(w) = -2*w - 7 + 2*w + w. Let s be v(9). What is the greatest common factor of 1 and s?
1
Suppose 15 = z - 15. Suppose -x = s - 9, 3*s + 36 = 8*s - 4*x. Suppose 3*k - 4*n = 42, -3*k + 26 - s = 4*n. What is the greatest common divisor of k and z?
10
Let x be -1 + -4 - (6 - 24). Calculate the greatest common factor of 104 and x.
13
Let d(h) = 10*h + 6*h**2 + h**2 + 3*h**3 + 6 - 2*h**3. Let p be d(-4). What is the highest common divisor of p and 98?
14
Suppose -4*x = -c - 32, 2*c = 2*x + 3*x - 37. Let t be ((-212)/3)/(2/(-3)). Let l be t/6 + 9/27. What is the greatest common divisor of l and x?
9
Suppose 66 = 6*d - 4*d. Let j be d/7 - (-4)/14. Let x = -2 + 3. Calculate the greatest common factor of j and x.
1
Let h be -1*((0 - 3) + -6). Calculate the greatest common factor of 72 and h.
9
Suppose -4 = k - 16. What is the highest common divisor of 108 and k?
12
Let a(q) = q**3 + 6*q**2 + q. Let b be a(-5). Let y be 1 - (-6)/4*-6. Let f = b + y. Calculate the highest common divisor of f and 108.
12
Let n = 129 + -120. Calculate the greatest common factor of 3 and n.
3
Suppose -28 + 8 = -2*j. Suppose 5*r = -0*c + c + 10, 0 = -5*r + 5*c - 10. Let m be -3 + r + 32 - 2. What is the greatest common factor of m and j?
10
Let b(h) = -h**2 + h + 3. Let a be b(3). Let p = 13 - a. Suppose 4*v + f = -3 + 23, 3*f = 12. Calculate the greatest common factor of v and p.
4
Suppose 5*n + 8*f = 3*f + 70, n - f - 18 = 0. Calculate the highest common divisor of 112 and n.
16
Let n = 14 - 9. Let p = n + -4. Let q be p + -6*(-2 + 1). Calculate the highest common divisor of q and 28.
7
Let i(l) = l**2 + 8*l - 1. Let v be i(-8). Let r be 18 - (v + 4 + -1). What is the highest common factor of r and 24?
8
Suppose p + t = 28, -p + 4*p + 4*t - 80 = 0. Calculate the highest common divisor of p and 32.
32
Suppose -j + 5 + 2 = 0. Let a = -291 + 159. Let u = -69 - a. Calculate the greatest common factor of u and j.
7
Let o(q) = 193*q**3 + q - 2. Let y be o(1). Calculate the greatest common divisor of 12 and y.
12
Suppose l - 7 = 6. Calculate the greatest common divisor of l and 26.
13
Let w(b) = -b + 7. Let i be w(7). Suppose 2*n + 0*n - 10 = i. Suppose -n*o + 34 = -461. What is the highest common factor of 9 and o?
9
Suppose -2*y = 3*c - 37 - 0, 3*c = 2*y - 19. Let k = 2